529592 and 19544?
56
What is the highest common factor of 63129556 and 28?
28
Calculate the greatest common divisor of 10 and 83977760.
10
What is the highest common divisor of 5813 and 1130506427?
5813
What is the highest common divisor of 2236 and 3783914?
86
Calculate the greatest common factor of 64801696 and 8.
8
What is the highest common factor of 52430 and 11546584?
1498
What is the highest common factor of 48084407 and 2030?
203
What is the highest common factor of 1941 and 1945990311?
1941
Calculate the highest common factor of 194934 and 388642.
1226
Calculate the highest common divisor of 253 and 14060948.
11
What is the highest common divisor of 5985292 and 272?
68
What is the greatest common factor of 1366 and 1265642029?
683
Calculate the greatest common divisor of 227981940 and 60.
60
What is the highest common divisor of 14872 and 5806328?
88
What is the highest common factor of 69485 and 3705?
65
Calculate the greatest common divisor of 14 and 32325412.
14
Calculate the highest common factor of 9219059 and 25081.
3583
What is the greatest common divisor of 10200347 and 916?
229
What is the greatest common divisor of 14446 and 146504109?
7223
Calculate the greatest common factor of 1416 and 40532823.
177
Calculate the highest common factor of 136357838 and 1262.
1262
Calculate the greatest common divisor of 145260 and 23220.
540
Calculate the greatest common divisor of 550449 and 226287.
783
What is the greatest common factor of 4325697 and 2122?
1061
What is the highest common factor of 8064 and 38933496?
504
What is the highest common divisor of 62035530 and 20?
10
What is the greatest common divisor of 6857111 and 381?
127
Calculate the highest common factor of 22367958 and 7332.
282
What is the greatest common divisor of 47116 and 2348?
4
Calculate the highest common factor of 95 and 29863459.
19
What is the highest common factor of 132 and 16796428?
44
What is the greatest common divisor of 293890 and 130?
10
What is the highest common factor of 393384167 and 43?
43
Calculate the greatest common divisor of 8055620 and 13072.
3268
What is the greatest common divisor of 6533380 and 420?
140
Calculate the greatest common divisor of 56232 and 90114904.
6248
What is the highest common divisor of 61195120 and 1400?
280
What is the greatest common divisor of 10162188 and 415?
83
Calculate the greatest common factor of 60 and 6814284.
12
Calculate the highest common factor of 94730559 and 711.
237
What is the greatest common divisor of 1139 and 18778760?
67
What is the greatest common factor of 2996 and 22389108?
2996
Calculate the greatest common divisor of 190096 and 97228.
436
Calculate the greatest common factor of 71210842 and 91036.
4138
Calculate the highest common factor of 140672 and 2174764.
628
What is the highest common divisor of 3156815 and 25?
5
Calculate the greatest common factor of 393 and 21046591.
131
What is the highest common divisor of 62601 and 73984897?
1897
What is the greatest common divisor of 4315538 and 58?
2
Calculate the highest common factor of 10060 and 7083820.
20
What is the highest common factor of 8378 and 51512133?
4189
Calculate the highest common factor of 502 and 6753155.
251
What is the greatest common divisor of 1943 and 215?
1
Calculate the highest common divisor of 6291047 and 2226.
371
Calculate the greatest common factor of 1467 and 2805719.
163
What is the highest common divisor of 9500 and 2849924?
76
Calculate the highest common divisor of 14 and 66327212.
14
Calculate the greatest common factor of 317813532 and 171.
57
What is the greatest common divisor of 5311936 and 2272?
2272
What is the greatest common divisor of 350850 and 564?
6
Calculate the greatest common divisor of 97706 and 18718.
98
Calculate the greatest common divisor of 4525 and 15517130.
905
Calculate the greatest common factor of 2429 and 14609.
7
Calculate the highest common divisor of 367450948 and 2633.
2633
Calculate the greatest common factor of 12735919 and 658.
329
What is the greatest common divisor of 54144 and 4292698?
94
Calculate the highest common factor of 109095944 and 217.
31
Calculate the highest common factor of 2386662 and 7008.
438
Calculate the highest common divisor of 867 and 22288836.
867
Calculate the greatest common divisor of 224433 and 7029.
99
What is the highest common divisor of 9 and 13538787?
3
Calculate the highest common divisor of 135162 and 10152.
54
What is the greatest common divisor of 917632 and 4066?
214
What is the highest common divisor of 4464 and 25883016?
744
Calculate the highest common factor of 16 and 27945216.
16
Calculate the highest common divisor of 23309346 and 204.
102
Calculate the highest common divisor of 665588 and 170719.
2161
What is the greatest common factor of 196170754 and 91?
13
Calculate the highest common factor of 132132 and 10381371.
3003
Calculate the highest common factor of 5154 and 61592018.
1718
What is the highest common factor of 263694 and 3834?
426
What is the greatest common factor of 1184 and 333552?
16
Calculate the greatest common factor of 1035 and 4755250.
115
Calculate the highest common factor of 42444 and 20513028.
1572
Calculate the highest common factor of 130943408 and 2096.
2096
What is the greatest common factor of 2184 and 5175534?
546
Calculate the highest common divisor of 1880 and 128290.
10
Calculate the highest common factor of 9282 and 25013898.
546
Calculate the highest common divisor of 265053653 and 18578.
1327
Calculate the highest common divisor of 98 and 55809236.
98
What is the greatest common factor of 2587068 and 1503702?
2502
Calculate the highest common divisor of 102104 and 31608.
8
Calculate the highest common divisor of 1786989360 and 144.
48
Calculate the highest common divisor of 4864546 and 46.
46
What is the highest common factor of 954280 and 10840?
40
Calculate the greatest common factor of 80 and 220582240.
80
What is the greatest common factor of 3186 and 19497966?
354
What is the highest common factor of 3528 and 23838?
6
Calculate the greatest common factor of 1431 and 706119.
159
What is the highest common factor of 1688489 and 649?
11
What is the greatest common divisor of 26950728 and 48?
24
Calculate the highest common divisor of 20812652 and 588.
196
What is the highest common divisor of 2686 and 1682147?
79
Calculate the highest common factor of 3068 and 793.
13
Calculate the greatest common divisor of 90 and 2837370.
30
Calculate the highest common factor of 1670695 and 182.
13
Calculate the highest common factor of 7019688 and 2718.
906
Calculate the greatest common divisor of 266 and 40841621.
19
What is the highest common factor of 678090 and 469560?
210
Calculate the greatest common divisor of 10840 and 255818580.
5420
Calculate the highest common factor of 825 and 143177595.
165
Calculate the highest common factor of 58404 and 62868.
372
Calculate the highest common divisor of 9672 and 2294760.
312
Calculate the highest common factor of 927030 and 4905.
15
What is the highest common divisor of 1364935 and 1540?
55
Calculate the greatest common divisor of 136745246 and 9460.
946
What is the greatest common factor of 1798 and 2905104?
58
What is the greatest common factor of 10317 and 2422323?
543
What is the greatest common factor of 4 and 103873820?
4
Calculate the highest common factor of 1958035160 and 2302.
2302
Calculate the highest common factor of 34099528 and 395792.
6824
Calculate the greatest common factor of 121113 and 1125.
9
Calculate the highest common divisor of 9660 and 365484.
84
What is the highest common divisor of 509640 and 50220?
1860
Calculate the highest common factor of 63498 and 165414.
114
What is the greatest common factor of 367659315 and 9?
9
What is the highest common divisor of 9008 and 1056256?
16
Calculate the highest common factor of 889952 and 19936.
224
What is the highest common factor of 78 and 1326727?
1
Calculate the highest common factor of 7983 and 13788.
9
What is the highest common divisor of 251 and 32841844?
251
What is the greatest common factor of 125911 and 3573150?
3403
Calculate the greatest common divisor of 25462 and 4508050.
58
Calculate the greatest common divisor of 10054032 and 1520.
16
What is the highest common fa